emainder when 5158 is divided by 245?
13
What is the remainder when 14233 is divided by 21?
16
What is the remainder when 1506188 is divided by 7?
5
Calculate the remainder when 47177 is divided by 449.
32
Calculate the remainder when 468992 is divided by 484.
480
Calculate the remainder when 5793 is divided by 40.
33
What is the remainder when 289788 is divided by 26344?
4
What is the remainder when 234139 is divided by 92?
91
Calculate the remainder when 12912 is divided by 10.
2
What is the remainder when 768969 is divided by 18?
9
What is the remainder when 265605 is divided by 34?
31
Calculate the remainder when 995 is divided by 286.
137
Calculate the remainder when 15424 is divided by 72.
16
What is the remainder when 1210071 is divided by 76?
75
Calculate the remainder when 30352 is divided by 13.
10
Calculate the remainder when 230194 is divided by 12.
10
Calculate the remainder when 25701 is divided by 12831.
39
Calculate the remainder when 29180 is divided by 213.
212
What is the remainder when 1683 is divided by 62?
9
Calculate the remainder when 7073 is divided by 644.
633
Calculate the remainder when 236042 is divided by 76.
62
What is the remainder when 19127 is divided by 26?
17
What is the remainder when 112964 is divided by 151?
16
Calculate the remainder when 31676 is divided by 165.
161
Calculate the remainder when 60151 is divided by 20047.
10
What is the remainder when 13434 is divided by 336?
330
Calculate the remainder when 135142 is divided by 262.
212
What is the remainder when 28309 is divided by 578?
565
What is the remainder when 1546953 is divided by 410?
23
Calculate the remainder when 551103 is divided by 218.
217
Calculate the remainder when 52203 is divided by 17387.
42
Calculate the remainder when 3543 is divided by 440.
23
What is the remainder when 162592 is divided by 11613?
10
What is the remainder when 466327 is divided by 126?
1
What is the remainder when 960 is divided by 657?
303
What is the remainder when 9476 is divided by 158?
154
Calculate the remainder when 23739 is divided by 212.
207
Calculate the remainder when 33321 is divided by 16623.
75
Calculate the remainder when 220156 is divided by 344.
340
What is the remainder when 164347 is divided by 1627?
20
What is the remainder when 6009 is divided by 2001?
6
Calculate the remainder when 13213 is divided by 259.
4
What is the remainder when 46475 is divided by 14?
9
What is the remainder when 212341 is divided by 44?
41
Calculate the remainder when 4320 is divided by 23.
19
What is the remainder when 62945 is divided by 119?
113
Calculate the remainder when 172336 is divided by 4.
0
Calculate the remainder when 16571 is divided by 8162.
247
Calculate the remainder when 4178 is divided by 2089.
0
What is the remainder when 7437 is divided by 455?
157
Calculate the remainder when 10718 is divided by 85.
8
Calculate the remainder when 2656 is divided by 440.
16
Calculate the remainder when 1794 is divided by 48.
18
What is the remainder when 15715 is divided by 1963?
11
Calculate the remainder when 5857 is divided by 1265.
797
Calculate the remainder when 197729 is divided by 845.
844
Calculate the remainder when 225773 is divided by 55.
53
What is the remainder when 8869 is divided by 496?
437
What is the remainder when 4836 is divided by 4810?
26
What is the remainder when 8875 is divided by 1251?
118
Calculate the remainder when 28703 is divided by 2200.
103
What is the remainder when 433503 is divided by 162?
153
Calculate the remainder when 61400 is divided by 877.
10
What is the remainder when 7180 is divided by 218?
204
What is the remainder when 387714 is divided by 854?
852
What is the remainder when 44855 is divided by 371?
335
Calculate the remainder when 89988 is divided by 297.
294
Calculate the remainder when 104019 is divided by 57.
51
Calculate the remainder when 2495 is divided by 356.
3
Calculate the remainder when 9836 is divided by 214.
206
Calculate the remainder when 2026 is divided by 12.
10
Calculate the remainder when 8960 is divided by 315.
140
Calculate the remainder when 10960 is divided by 150.
10
What is the remainder when 2507 is divided by 124?
27
What is the remainder when 6166 is divided by 79?
4
What is the remainder when 79425 is divided by 26469?
18
Calculate the remainder when 38913 is divided by 617.
42
Calculate the remainder when 24555 is divided by 103.
41
Calculate the remainder when 7813 is divided by 7698.
115
Calculate the remainder when 61670 is divided by 13.
11
Calculate the remainder when 35517 is divided by 40.
37
What is the remainder when 406155 is divided by 118?
117
Calculate the remainder when 11002 is divided by 1804.
178
What is the remainder when 2211 is divided by 22?
11
What is the remainder when 2037 is divided by 291?
0
Calculate the remainder when 2192 is divided by 935.
322
What is the remainder when 92874 is divided by 217?
215
Calculate the remainder when 68256 is divided by 333.
324
What is the remainder when 1596 is divided by 51?
15
What is the remainder when 40347 is divided by 2?
1
What is the remainder when 136007 is divided by 60?
47
Calculate the remainder when 68971 is divided by 83.
81
What is the remainder when 11149 is divided by 3632?
253
What is the remainder when 459777 is divided by 582?
579
What is the remainder when 7326 is divided by 229?
227
What is the remainder when 225827 is divided by 518?
497
Calculate the remainder when 26946 is divided by 31.
7
Calculate the remainder when 54953 is divided by 18315.
8
What is the remainder when 431566 is divided by 105?
16
What is the remainder when 1756 is divided by 57?
46
Calculate the remainder when 3122 is divided by 444.
14
What is the remainder when 3951 is divided by 412?
243
Calculate the remainder when 3356866 is divided by 79.
77
Calculate the remainder when 186703 is divided by 317.
307
What is the remainder when 4935 is divided by 60?
15
Calculate the remainder when 5064 is divided by 653.
493
What is the remainder when 370 is divided by 68?
30
Calculate the remainder when 4634 is divided by 1527.
53
What is the remainder when 958005 is divided by 179?
176
What is the remainder when 8077 is divided by 2312?
1141
What is the remainder when 46509 is divided by 369?
15
Calculate the remainder when 65460 is divided by 1983.
21
Calculate the remainder when 16573 is divided by 274.
133
Calculate the remainder when 27097 is divided by 1352.
57
Calculate the remainder when 1282 is divided by 144.
130
What is the remainder when 132528 is divided by 66?
0
Calculate the remainder when 7612 is divided by 2528.
28
Calculate the remainder when 659675 is divided by 165.
5
What is the remainder when 466855 is divided by 35?
25
Calculate the remainder when 11719 is divided by 25.
19
Calculate the remainder when 2864 is divided by 190.
14
Calculate the remainder when 134453 is divided by 56.
53
Calculate the remainder when 56066 is divided by 90.
86
Calculate the remainder when 524 is divided by 119.
48
What is the remainder when 3146 is divided by 1558?
30
What is the remainder when 2677 is divided by 5?
2
Calculate the remainder when 13916 is divided by 1390.
16
Calculate the remainder when 2010 is divided by 572.
294
What is the remainder when 8062 is divided by 202?
184
Calculate the remainder when 12634 is divided by 132.
94
Calculate the remainder when 4400 is divided by 1358.
326
What is the remainder when 91653 is divided by 342?
339
What is the remainder when 97659 is divided by 1844?
1771
What is the remainder when 2449 is divided by 347?
20
Calculate the remainder when 1948 is divided by 1833.
115
What is the remainder when 9223 is divided by 1432?
631
What is the remainder when 87076 is divided by 423?
361
Calculate the remainder when 22111 is divided by 10874.
363
Calculate the remainder when 88555 is divided by 469.
383
Calculate the remainder when 2720 is divided by 2694.
26
Calculate the remainder when 451786 is divided by 251.
237
Calculate the remainder when 4292 is divided by 60.
32
Calculate the remainder when 106430 is divided by 106419.
11
What is the remainder when 24646 is divided by 80?
6
Calculate the remainder when 8809 is divided by 94.
67
Calculate the remainder when 19184 is divided by 181.
17